{"id":5013,"date":"2016-05-05T08:58:53","date_gmt":"2016-05-05T08:58:53","guid":{"rendered":"http:\/\/www.estudio5con6.es\/?page_id=5013"},"modified":"2022-02-07T17:02:56","modified_gmt":"2022-02-07T17:02:56","slug":"quienes-somos","status":"publish","type":"page","link":"https:\/\/www.estudio5con6.es\/index.php\/informacion\/quienes-somos\/","title":{"rendered":"\u00bfQui\u00e9nes Somos?"},"content":{"rendered":"<p style=\"text-align: justify;\"><img loading=\"lazy\" decoding=\"async\" class=\"alignnone wp-image-14344 size-full\" src=\"https:\/\/www.estudio5con6.es\/wp-content\/uploads\/2022\/02\/munoz22.jpg\" alt=\"\" width=\"2010\" height=\"1000\" srcset=\"https:\/\/www.estudio5con6.es\/wp-content\/uploads\/2022\/02\/munoz22.jpg 2010w, https:\/\/www.estudio5con6.es\/wp-content\/uploads\/2022\/02\/munoz22-300x149.jpg 300w, https:\/\/www.estudio5con6.es\/wp-content\/uploads\/2022\/02\/munoz22-1024x509.jpg 1024w, https:\/\/www.estudio5con6.es\/wp-content\/uploads\/2022\/02\/munoz22-768x382.jpg 768w, https:\/\/www.estudio5con6.es\/wp-content\/uploads\/2022\/02\/munoz22-1536x764.jpg 1536w\" sizes=\"auto, (max-width: 2010px) 100vw, 2010px\" \/>\u00a0Hola, somos los hermanos Mu\u00f1oz, Oscar y Leo<\/p>\n<p style=\"text-align: justify;\">y sentimos que debemos fotografiar de una forma especial lo que ocurra ante nosotros, y queremos contarte algo con nuestras fotos. Que r\u00edas, que llores, que te emociones y sobre todo que disfrutes, que disfrutes como lo hacemos nosotros, porque ante todo la fotograf\u00eda es diversi\u00f3n, es pasi\u00f3n, es amor, es acci\u00f3n, es emoci\u00f3n. Y te olvidar\u00e1s de nuestra c\u00e1mara, y nosotros seguiremos all\u00ed, a tu lado para captar ese maravilloso instante, \u00fanico e irrepetible.<\/p>\n<div id=\"themify_builder_content-5013\" data-postid=\"5013\" class=\"themify_builder_content themify_builder_content-5013 themify_builder themify_builder_front\">\n\n\t<\/div>\n<!-- \/themify_builder_content -->","protected":false},"excerpt":{"rendered":"<p>\u00a0Hola, somos los hermanos Mu\u00f1oz, Oscar y Leo y sentimos que debemos fotografiar de una forma especial lo que ocurra ante nosotros, y queremos contarte algo con nuestras fotos. Que r\u00edas, que llores, que te emociones y sobre todo que disfrutes, que disfrutes como lo hacemos nosotros, porque ante todo la fotograf\u00eda es diversi\u00f3n, es [&hellip;]<\/p>\n","protected":false},"author":1,"featured_media":0,"parent":5011,"menu_order":0,"comment_status":"closed","ping_status":"closed","template":"","meta":{"footnotes":""},"class_list":["post-5013","page","type-page","status-publish","hentry","has-post-title","no-post-date","has-post-category","has-post-tag","has-post-comment","has-post-author"],"_links":{"self":[{"href":"https:\/\/www.estudio5con6.es\/index.php\/wp-json\/wp\/v2\/pages\/5013","targetHints":{"allow":["GET"]}}],"collection":[{"href":"https:\/\/www.estudio5con6.es\/index.php\/wp-json\/wp\/v2\/pages"}],"about":[{"href":"https:\/\/www.estudio5con6.es\/index.php\/wp-json\/wp\/v2\/types\/page"}],"author":[{"embeddable":true,"href":"https:\/\/www.estudio5con6.es\/index.php\/wp-json\/wp\/v2\/users\/1"}],"replies":[{"embeddable":true,"href":"https:\/\/www.estudio5con6.es\/index.php\/wp-json\/wp\/v2\/comments?post=5013"}],"version-history":[{"count":11,"href":"https:\/\/www.estudio5con6.es\/index.php\/wp-json\/wp\/v2\/pages\/5013\/revisions"}],"predecessor-version":[{"id":14345,"href":"https:\/\/www.estudio5con6.es\/index.php\/wp-json\/wp\/v2\/pages\/5013\/revisions\/14345"}],"up":[{"embeddable":true,"href":"https:\/\/www.estudio5con6.es\/index.php\/wp-json\/wp\/v2\/pages\/5011"}],"wp:attachment":[{"href":"https:\/\/www.estudio5con6.es\/index.php\/wp-json\/wp\/v2\/media?parent=5013"}],"curies":[{"name":"wp","href":"https:\/\/api.w.org\/{rel}","templated":true}]}}